= -l**2 - 13*l + 10. Let s be w(t). Calculate the highest common divisor of s and 100.
10
Let l(g) = -g**2 - 7*g + 3. Let n be l(-7). Let d(u) = 23*u**3 + 2*u**2 + 2*u - 3. Let h be d(1). What is the greatest common divisor of h and n?
3
Let n be 3/(((-14)/(-12))/7). Let k = -5 - -32. Suppose 0 = -j - 0*j + k. Calculate the highest common factor of n and j.
9
Let s = -42 - -117. Let i be s/10*28/3. Suppose 0 = 3*q + q - 56. What is the highest common factor of i and q?
14
Let q = 51 + 61. What is the greatest common factor of 16 and q?
16
Let c be (29 - 3)/((-1)/(-38)). Suppose 5*q = -o + c, 5*q - 178 = -2*o + 808. Calculate the greatest common factor of q and 22.
22
Let y(j) = 5*j**2 + 6*j - 21. Let d be y(6). Calculate the highest common divisor of 15 and d.
15
Let a(x) = 8*x - 2. Let p be a(6). Suppose 29 + p = 5*w. Let k be ((-30)/18)/((-1)/3). Calculate the greatest common factor of k and w.
5
Let q be (3 + 2)*2*6/10. Let d be (2/(-6))/(1/(-9)). Suppose 5*t = 0, d*t + 20 = 5*c - 0*t. Calculate the highest common divisor of c and q.
2
Let t be 65/20*4 + 3. Calculate the greatest common divisor of t and 80.
16
Let r = 42 - 29. Let o = r + -10. What is the greatest common divisor of o and 9?
3
Let p be (8/12)/(1/3). Let a be 13/(p + -5 - -4). Let v = 22 + -9. What is the greatest common factor of v and a?
13
Let v(t) = -3*t**3 - 3*t**2 + 5. Let x be v(-4). Let a = x + -86. Suppose 3*f - 28 = -f. Calculate the greatest common factor of a and f.
7
Let s be -2*1*(2 + -4). Suppose -5*r + 695 = 5*n, -s*r - 134 = -n - 0*n. Let y = n + -66. What is the greatest common factor of y and 8?
8
Let o = 0 - -17. What is the greatest common factor of o and 136?
17
Let w be (-2 + -2)*(-27)/6. What is the highest common divisor of w and 198?
18
Let d(j) = 10*j**2 + 5*j + 4. Let z be d(-4). Let r be 4/(-14) - (-570)/35. Suppose r = c - 0*c. Calculate the greatest common divisor of c and z.
16
Suppose 0 = -3*m - m - 832. Let y be m/(-56) + 2/7. Suppose -62 = -4*i + 3*o, -4*i - 2*o + y*o + 60 = 0. Calculate the highest common divisor of 7 and i.
7
Let f(w) = -24*w**3 - 2*w**2 - 3*w - 1. Let x be f(-1). Suppose 3*l + 72 = n - 0*n, 0 = 4*n - 4*l - 256. What is the highest common divisor of n and x?
12
Let v(l) = l**2 + 14*l - 8. Let p be v(-16). Calculate the highest common divisor of 16 and p.
8
Let u(x) = 3*x - 1. Let a be u(1). Let y be 1/a + 36/8. Suppose 5*i = -4*j + 33, 2*j - 3*j + 2 = -y*i. What is the greatest common divisor of j and 21?
7
Suppose -11*y + 32 + 34 = 0. What is the highest common factor of 4 and y?
2
Let x = 0 - -5. Suppose -d - 3*s + 111 = d, -x*d - 4*s = -260. What is the greatest common divisor of d and 24?
24
Suppose 0 = 3*g - 3*f - 153, -6*f = -2*g - 5*f + 102. What is the greatest common divisor of 17 and g?
17
Let j = 10 + -9. What is the greatest common factor of j and 5?
1
Let y(g) = -2*g. Let z be y(-8). Calculate the greatest common divisor of z and 16.
16
Let m be 5 + (1 - (0 + 4)). Let w(d) = -d**3 + 5*d**2 - 4*d + 2. Let a be w(3). Calculate the highest common factor of m and a.
2
Let x(o) = 4*o + 3. Let h be x(3). Let g be h + (-6)/(-2 - -4). Calculate the highest common divisor of g and 60.
12
Suppose -4 = 2*k + 30. Let f = k + 10. Let z be 2/(-7) - 114/f. What is the highest common divisor of z and 128?
16
Suppose -1248 = -4*v - 384. What is the highest common divisor of v and 27?
27
Let h(j) = -1 + 0*j + j + 0*j. Let d be h(5). Let z(g) = -g**2 + g + 10. Let i be z(3). What is the highest common factor of i and d?
4
Suppose -79 = 4*y - 499. Suppose -8 = 2*n, 0*t = -4*t - 5*n + 40. Suppose 5*c - 60 - t = 0. Calculate the highest common divisor of c and y.
15
Suppose -5*v = -4*b - 3*v + 170, 141 = 3*b + 3*v. Calculate the greatest common factor of 110 and b.
22
Let t(i) = -i + 6. Let l be t(3). Suppose -27 = -0*u - l*u. What is the highest common factor of 45 and u?
9
Suppose 0 = 21*f - 16*f - 665. Calculate the greatest common divisor of 19 and f.
19
Let o = 4 + 20. Suppose -2*d + d = x - 9, 0 = x - 4*d - o. Calculate the greatest common factor of x and 30.
6
Let i = -2 - -5. Suppose -i*u - 44 + 224 = 0. Suppose -3*m + u = m. Calculate the greatest common factor of m and 15.
15
Suppose f - 128 = -f. Suppose 5*l + 24 = -0*s + s, -4*l - f = -4*s. Suppose 0 = 2*o + 13 - 55. Calculate the highest common factor of o and s.
7
Let u(h) = h**3 - 7*h**2 + 3 + h - 3 - 2. Let v be u(7). Suppose -2*a + l - 6*l + 50 = 0, 10 = v*l. What is the highest common divisor of a and 5?
5
Let h be ((-12)/5)/(10/(-450)). What is the greatest common divisor of h and 81?
27
Let w(q) = 6*q + 1. Let u be w(3). Suppose -u + 5 = 2*i. Let m be 153/21 - (-2)/i. Calculate the highest common factor of m and 35.
7
Suppose 3*x - 2*x = -2. Let w = x + 2. Suppose 5*k - 3*d + d - 71 = w, 5*d - 10 = 0. Calculate the highest common factor of k and 15.
15
Suppose -4*r + r + 30 = 0. Suppose 4*t = -l - 5, -5*t - 2*l - 10 = -r*t. Suppose 0 = -t*c + 3*c - 36. What is the highest common factor of c and 84?
12
Let n = 12 - 20. Let a = -8 - n. Suppose -2*b = 3*x - a*b - 20, -2*x - 5*b + 28 = 0. What is the greatest common factor of x and 2?
2
Let q(k) = -4*k**3 - 4*k**2 - 4*k - 2. Let a(c) = c**3 - 13*c**2 + 13*c - 14. Let s be a(12). Let i be q(s). Calculate the greatest common factor of i and 11.
11
Suppose 3*l = 5*l + 10. Let z = l - -17. Suppose -2*q = -q - z. Calculate the greatest common divisor of 36 and q.
12
Suppose -19*d + 16*d + 24 = 0. What is the highest common factor of 88 and d?
8
Suppose 0 = 2*z - 4*z + 144. Calculate the greatest common factor of z and 108.
36
Suppose 2*b - 1 = 1. Let v be 32/4 - (0 - -1). What is the greatest common factor of v and b?
1
Suppose -4*q + 86 = -154. Calculate the highest common divisor of q and 24.
12
Suppose 182 = 2*d - 52. Let z = 13 - 0. What is the greatest common factor of d and z?
13
Let x be (-7)/(-2) + 6/12. Suppose -x*j + 2*y = -42, 3*j + y + 32 = 6*j. Let l be ((-99)/(-6))/(3/8). What is the highest common divisor of l and j?
11
Suppose 5 - 26 = -3*t - 5*a, -2*a + 35 = 5*t. What is the highest common divisor of t and 1?
1
Suppose 0 = 5*p - 5*c + 50 - 170, -32 = -p - c. Calculate the greatest common divisor of p and 224.
28
Suppose -20 - 11 = -h. What is the highest common factor of h and 31?
31
Let u = -101 + 157. Calculate the greatest common divisor of u and 42.
14
Let k(h) = h**3 - 3*h**2 + 5*h - 4. Let l be k(3). What is the highest common factor of l and 33?
11
Suppose -5*d - s + 39 = 0, -2*s + 10 = d - 4*s. Suppose -2*k = -k - d. Suppose 2*x = 2 + k. What is the highest common divisor of x and 25?
5
Suppose 60 = 4*p - 4*q, 75 = 5*p + 2*q - 0*q. What is the greatest common divisor of 5 and p?
5
Let u(s) = s**2 + 2*s - 4. Let t = 1 - 4. Let a(w) = w**2 + 2*w - 5. Let d(f) = t*a(f) + 4*u(f). Let o be d(-4). What is the greatest common divisor of o and 7?
7
Suppose 0 = -r - 2*t + t + 61, -r - 4*t + 46 = 0. Calculate the highest common factor of r and 11.
11
Suppose -2*p = -3*n - 25, 2*n - 2*p + 28 - 12 = 0. Let l(w) = -3*w - 11. Let f be l(n). What is the greatest common divisor of 2 and f?
2
Let m = 13 - -3. Let l = m - -44. Let c be l/(-8)*(-6)/5. Calculate the greatest common factor of 9 and c.
9
Let q = 50 + -20. Let t be 12/8*10/3. Suppose -t - 19 = -4*p. Calculate the highest common factor of q and p.
6
Let f be (1 + (-6)/2)*-2. Let d(g) = -18*g - 3. Let y be d(-1). Suppose 0 = -3*z + x - y + 47, f*z = -x + 45. What is the highest common divisor of z and 77?
11
Let s = 61 + -43. What is the highest common factor of 54 and s?
18
Let q = 46 - -2. Calculate the highest common factor of 8 and q.
8
Let d(s) be the first derivative of -1/2*s**2 - 1 - s. Let f be d(-8). Calculate the highest common factor of 63 and f.
7
Let k(r) = -3*r - 6. Let f be k(-7). Let u = f - 12. Let c(v) = v**3 + 7*v**2 + 2*v - 7. Let s be c(-5). Calculate the highest common factor of u and s.
3
Let s = -87 - -158. Suppose -s + 191 = 3*r. What is the highest common factor of r and 10?
10
Let o(s) = -s**3 - 9*s**2 - 10*s - 10. Let z be -1 + -5 - (-2 - -4). Let v be o(z). What is the greatest common factor of 54 and v?
6
Suppose 4*u + 158 = -4*w - 42, -232 = 5*w - 4*u. Let z be 5*-3*w/10. What is the highest common divisor of z and 18